{"id":571,"date":"2021-05-03T15:04:12","date_gmt":"2021-05-03T18:04:12","guid":{"rendered":"http:\/\/anpuhpb.org\/site\/?page_id=571"},"modified":"2026-03-27T05:39:36","modified_gmt":"2026-03-27T08:39:36","slug":"encontros-estaduais","status":"publish","type":"page","link":"https:\/\/anpuhpb.org\/site\/encontros-estaduais\/","title":{"rendered":"Encontros Estaduais"},"content":{"rendered":"\n<figure class=\"wp-block-table is-style-stripes\"><table><tbody><tr><td class=\"has-text-align-left\" data-align=\"left\"><img loading=\"lazy\" decoding=\"async\" width=\"200\" height=\"157\" class=\"wp-image-1340\" style=\"width: 200px;\" src=\"https:\/\/anpuhpb.org\/site\/wp-content\/uploads\/2026\/03\/XXI-ENCONTRO-ESTADUAL-DE-HISTORIA-ANPUH-PB.jpeg\" alt=\"XXI-ENCONTRO-ESTADUAL-DE-HISTORIA-ANPUH-PB\" srcset=\"https:\/\/anpuhpb.org\/site\/wp-content\/uploads\/2026\/03\/XXI-ENCONTRO-ESTADUAL-DE-HISTORIA-ANPUH-PB.jpeg 1600w, https:\/\/anpuhpb.org\/site\/wp-content\/uploads\/2026\/03\/XXI-ENCONTRO-ESTADUAL-DE-HISTORIA-ANPUH-PB-300x235.jpeg 300w, https:\/\/anpuhpb.org\/site\/wp-content\/uploads\/2026\/03\/XXI-ENCONTRO-ESTADUAL-DE-HISTORIA-ANPUH-PB-1024x801.jpeg 1024w, https:\/\/anpuhpb.org\/site\/wp-content\/uploads\/2026\/03\/XXI-ENCONTRO-ESTADUAL-DE-HISTORIA-ANPUH-PB-768x601.jpeg 768w, https:\/\/anpuhpb.org\/site\/wp-content\/uploads\/2026\/03\/XXI-ENCONTRO-ESTADUAL-DE-HISTORIA-ANPUH-PB-1536x1202.jpeg 1536w\" sizes=\"auto, (max-width: 200px) 100vw, 200px\" \/><\/td><td><strong>XXI Encontro Estadual de Hist\u00f3ria &#8211; 2024<\/strong><br>\u2022 <a href=\"https:\/\/www.even3.com.br\/xxianpuhpb-453769\/\" target=\"_blank\" rel=\"noreferrer noopener\">Site<\/a><br>\u2022 <a href=\"https:\/\/www.even3.com.br\/anais\/xxi-encontro-estadual-de-historia-america-latina-e-brasil-entre-ondas-progressistas-e-reacoes-conservadoras-anpuh-paraiba-453769\/\" target=\"_blank\" rel=\"noreferrer noopener\">Anais eletr\u00f4nicos<\/a><\/td><\/tr><tr><td class=\"has-text-align-left\" data-align=\"left\"><img loading=\"lazy\" decoding=\"async\" width=\"200\" height=\"149\" class=\"wp-image-1149\" style=\"width: 200px;\" src=\"https:\/\/anpuhpb.org\/site\/wp-content\/uploads\/2022\/09\/caderno_resumos_anpuhpb_final.png\" alt=\"XX Encontro Estadual de Hist\u00f3ria\" srcset=\"https:\/\/anpuhpb.org\/site\/wp-content\/uploads\/2022\/09\/caderno_resumos_anpuhpb_final.png 587w, https:\/\/anpuhpb.org\/site\/wp-content\/uploads\/2022\/09\/caderno_resumos_anpuhpb_final-300x224.png 300w\" sizes=\"auto, (max-width: 200px) 100vw, 200px\" \/><\/td><td><strong>XX Encontro Estadual de Hist\u00f3ria &#8211; 2022<\/strong><br>\u2022 <a rel=\"noreferrer noopener\" href=\"https:\/\/www.even3.com.br\/xxeeh_anpuhpb\/\" target=\"_blank\">Site<\/a><br>\u2022 <a rel=\"noreferrer noopener\" href=\"http:\/\/anpuhpb.org\/docs\/caderno_resumos_xxeeh-2022_anpuhpb.pdf\" target=\"_blank\">Caderno de Resumos<\/a><br>\u2022 <a href=\"http:\/\/anpuhpb.org\/docs\/Anais_xxeeh_anpuhpb_2022.pdf\">Anais Eletr\u00f4nicos<\/a><\/td><\/tr><tr><td class=\"has-text-align-left\" data-align=\"left\"><img loading=\"lazy\" decoding=\"async\" width=\"200\" height=\"200\" class=\"wp-image-510\" style=\"width: 200px;\" src=\"https:\/\/anpuhpb.org\/site\/wp-content\/uploads\/2021\/04\/xix_erh_branco.jpg\" alt=\"XIX Encontro Estadual de Hist\u00f3ria - Anpuh-PB\" srcset=\"https:\/\/anpuhpb.org\/site\/wp-content\/uploads\/2021\/04\/xix_erh_branco.jpg 850w, https:\/\/anpuhpb.org\/site\/wp-content\/uploads\/2021\/04\/xix_erh_branco-300x300.jpg 300w, https:\/\/anpuhpb.org\/site\/wp-content\/uploads\/2021\/04\/xix_erh_branco-150x150.jpg 150w, https:\/\/anpuhpb.org\/site\/wp-content\/uploads\/2021\/04\/xix_erh_branco-768x768.jpg 768w\" sizes=\"auto, (max-width: 200px) 100vw, 200px\" \/><\/td><td><strong>XIX Encontro Estadual de Hist\u00f3ria &#8211; 2020<\/strong><br>\u2022 <a rel=\"noreferrer noopener\" href=\"https:\/\/xixeehistoria3.wixsite.com\/xixeehistoria\" target=\"_blank\">Site<\/a><br>\u2022 <a rel=\"noreferrer noopener\" href=\"http:\/\/anpuhpb.org\/arquivos_xix-erh\/Anais_XIX_EEH_ANPUH-PB.pdf\" target=\"_blank\">ANAIS<\/a><\/td><\/tr><tr><td class=\"has-text-align-left\" data-align=\"left\"><img loading=\"lazy\" decoding=\"async\" width=\"200\" height=\"76\" class=\"wp-image-686\" style=\"width: 200px;\" src=\"https:\/\/anpuhpb.org\/site\/wp-content\/uploads\/2021\/05\/XVIIIEEH_AnpuhPB.jpg\" alt=\"18\u00ba EEH Anpuh-PB\" srcset=\"https:\/\/anpuhpb.org\/site\/wp-content\/uploads\/2021\/05\/XVIIIEEH_AnpuhPB.jpg 1280w, https:\/\/anpuhpb.org\/site\/wp-content\/uploads\/2021\/05\/XVIIIEEH_AnpuhPB-300x114.jpg 300w, https:\/\/anpuhpb.org\/site\/wp-content\/uploads\/2021\/05\/XVIIIEEH_AnpuhPB-1024x390.jpg 1024w, https:\/\/anpuhpb.org\/site\/wp-content\/uploads\/2021\/05\/XVIIIEEH_AnpuhPB-768x292.jpg 768w\" sizes=\"auto, (max-width: 200px) 100vw, 200px\" \/><\/td><td><strong>XVIII Encontro Estadual de Hist\u00f3ria &#8211; 2018<\/strong><br>\u2022 <a rel=\"noreferrer noopener\" href=\"http:\/\/anpuhpb.org\/docs\/Caderno-de-Resumos-XVIII-EEH-ANPUH-PB 2018.pdf\" target=\"_blank\">Caderno de Resumos e Programa\u00e7\u00e3o<\/a><br>\u2022 <a rel=\"noreferrer noopener\" href=\"http:\/\/anpuhpb.org\/anais_18eeh_anpuhpb\/Anais_XVIII_EEH_ANPUH-PB.pdf\" target=\"_blank\">ANAIS<\/a><br>\u2022 <a rel=\"noreferrer noopener\" href=\"http:\/\/anpuhpb.org\/anais_18eeh_anpuhpb\/historia_desafios_do_ensino_da_pesquisa_da_extensao.pdf\" target=\"_blank\">LIVRO: CONFER\u00caNCIAS E MESAS<\/a><\/td><\/tr><\/tbody><\/table><\/figure>\n\n\n<div class=\"wp-block-ub-content-toggle wp-block-ub-content-toggle-block\" id=\"ub-content-toggle-block-ad8b9d06-e93f-422c-892b-2f91acb8a5ca\" data-mobilecollapse=\"false\" data-desktopcollapse=\"true\" data-preventcollapse=\"false\" data-showonlyone=\"false\">\n<div class=\"wp-block-ub-content-toggle-accordion\" style=\"border-color: #f1f1f1; \" id=\"ub-content-toggle-panel-block-\">\n\t\t\t<div class=\"wp-block-ub-content-toggle-accordion-title-wrap\" style=\"background-color: #f1f1f1;\" aria-controls=\"ub-content-toggle-panel-0-ad8b9d06-e93f-422c-892b-2f91acb8a5ca\" tabindex=\"0\">\n\t\t\t<p class=\"wp-block-ub-content-toggle-accordion-title ub-content-toggle-title-ad8b9d06-e93f-422c-892b-2f91acb8a5ca\" style=\"color: #000000; \"><strong>Reposit\u00f3rio dos Encontros Estaduais de Hist\u00f3ria Anpuh-PB<\/strong><\/p>\n\t\t\t<div class=\"wp-block-ub-content-toggle-accordion-toggle-wrap right\" style=\"color: #000000;\"><span class=\"wp-block-ub-content-toggle-accordion-state-indicator wp-block-ub-chevron-down\"><\/span><\/div>\n\t\t<\/div>\n\t\t\t<div role=\"region\" aria-expanded=\"false\" class=\"wp-block-ub-content-toggle-accordion-content-wrap ub-hide\" id=\"ub-content-toggle-panel-0-ad8b9d06-e93f-422c-892b-2f91acb8a5ca\">\n\n<figure class=\"wp-block-table is-style-stripes\"><table><tbody><tr><td> <img loading=\"lazy\" decoding=\"async\" width=\"130\" height=\"184\" class=\"wp-image-723\" style=\"width: 130px;\" src=\"https:\/\/anpuhpb.org\/site\/wp-content\/uploads\/2021\/06\/Arte-XVII-EEH-e-PIBID-scaled.jpg\" alt=\"XVII EEH e PIBID\" srcset=\"https:\/\/anpuhpb.org\/site\/wp-content\/uploads\/2021\/06\/Arte-XVII-EEH-e-PIBID-scaled.jpg 1810w, https:\/\/anpuhpb.org\/site\/wp-content\/uploads\/2021\/06\/Arte-XVII-EEH-e-PIBID-212x300.jpg 212w, https:\/\/anpuhpb.org\/site\/wp-content\/uploads\/2021\/06\/Arte-XVII-EEH-e-PIBID-724x1024.jpg 724w, https:\/\/anpuhpb.org\/site\/wp-content\/uploads\/2021\/06\/Arte-XVII-EEH-e-PIBID-768x1086.jpg 768w, https:\/\/anpuhpb.org\/site\/wp-content\/uploads\/2021\/06\/Arte-XVII-EEH-e-PIBID-1086x1536.jpg 1086w, https:\/\/anpuhpb.org\/site\/wp-content\/uploads\/2021\/06\/Arte-XVII-EEH-e-PIBID-1448x2048.jpg 1448w\" sizes=\"auto, (max-width: 130px) 100vw, 130px\" \/> <\/td><td><strong>XVII Encontro Estadual de Hist\u00f3ria &#8211; 2016<\/strong> <br> \u2022  <a href=\"http:\/\/www.ufpb.br\/evento\/index.php\/xviieeh\/xviieeh\/schedConf\/presentations\" target=\"_blank\" rel=\"noreferrer noopener\">Apresenta\u00e7\u00f5es e Autores<\/a><\/td><\/tr><tr><td> <img loading=\"lazy\" decoding=\"async\" width=\"200\" height=\"65\" class=\"wp-image-726\" style=\"width: 200px;\" src=\"https:\/\/anpuhpb.org\/site\/wp-content\/uploads\/2021\/06\/arte_anpuh_logo.jpg\" alt=\"XVI EEH\" srcset=\"https:\/\/anpuhpb.org\/site\/wp-content\/uploads\/2021\/06\/arte_anpuh_logo.jpg 960w, https:\/\/anpuhpb.org\/site\/wp-content\/uploads\/2021\/06\/arte_anpuh_logo-300x97.jpg 300w, https:\/\/anpuhpb.org\/site\/wp-content\/uploads\/2021\/06\/arte_anpuh_logo-768x248.jpg 768w\" sizes=\"auto, (max-width: 200px) 100vw, 200px\" \/> <\/td><td> <strong>XVI Encontro Estadual de Hist\u00f3ria &#8211; 2014<\/strong><br>\u2022 <a href=\"http:\/\/www.ufpb.br\/evento\/index.php\/anpuhpb\/XVI\/schedConf\/presentations\" target=\"_blank\" rel=\"noreferrer noopener\">Textos integrais de comunica\u00e7\u00f5es em Simp\u00f3sios Tem\u00e1ticos <\/a><\/td><\/tr><tr><td> <img loading=\"lazy\" decoding=\"async\" width=\"130\" height=\"183\" class=\"wp-image-693\" style=\"width: 130px;\" src=\"https:\/\/anpuhpb.org\/site\/wp-content\/uploads\/2021\/05\/xveeh2-cartaz.jpg\" alt=\"15\u00ba EEH Anpuh Pb\"> <\/td><td><strong>XV Encontro Estadual<\/strong><br>ANAIS:<br>\u2022 <a rel=\"noreferrer noopener\" href=\"http:\/\/anpuhpb.org\/anais_15eeh_anpuhpb\/xveeh_anais_eletronicos_(completo).pdf\" target=\"_blank\">XVEEH_ANAIS ELETR\u00d4NICOS (COMPLETO)<\/a><br>\u2022 <a rel=\"noreferrer noopener\" href=\"http:\/\/anpuhpb.org\/anais_15eeh_anpuhpb\/xveeh_anais_eletronicos_(pre_textuais).pdf\" target=\"_blank\">XVEEH_ANAIS ELETR\u00d4NICOS (PR\u00c9_TEXTUAIS)<\/a><br>\u2022 <a rel=\"noreferrer noopener\" href=\"http:\/\/anpuhpb.org\/anais_15eeh_anpuhpb\/xveeh_anais_eletronicos_(errata).pdf\" target=\"_blank\">XVEEH_ANAIS ELETR\u00d4NICOS (ERRATA)<\/a><br>\u2022 <a rel=\"noreferrer noopener\" href=\"http:\/\/anpuhpb.org\/anais_15eeh_anpuhpb\/xveeh_anais_eletronicos_(pre_textuais)_errata.pdf\" target=\"_blank\">XVEEH_ANAIS ELETR\u00d4NICOS (PR\u00c9_TEXTUAIS)_errata<\/a><br>\u2022 <a rel=\"noreferrer noopener\" href=\"http:\/\/anpuhpb.org\/anais_15eeh_anpuhpb\/xveeh_caderno_de_resumos_(completo).pdf\" target=\"_blank\">XVEEH_CADERNO DE RESUMOS (COMPLETO)<\/a><br>\u2022 <a rel=\"noreferrer noopener\" href=\"http:\/\/anpuhpb.org\/anais_15eeh_anpuhpb\/xveeh_caderno_de_resumos(pre_textuais).pdf\" target=\"_blank\">XVEEH_CADERNO DE RESUMOS (PR\u00c9_TEXTUAIS)<\/a> <\/td><\/tr><tr><td><\/td><td> <strong>XIV Encontro Estadual &#8211; 2012<\/strong><br>\u2022 <a href=\"https:\/\/anpuhpb.org\/site\/encontros-estaduais\/xiv-eeph-chamada\/\">Chamada<\/a><br>ANAIS:<br>\u2022 <a href=\"http:\/\/anpuhpb.org\/anais_14eeh_anpuhpb\/?dir=artigos_dos_posteres\">Artigos dos Posteres<\/a><br>\u2022 <a href=\"http:\/\/anpuhpb.org\/anais_14eeh_anpuhpb\/?dir=artigos_dos_simposios_tematicos\">Artigos dos Simp\u00f3sios Tem\u00e1ticos<\/a> <\/td><\/tr><tr><td> <img loading=\"lazy\" decoding=\"async\" width=\"200\" height=\"143\" class=\"wp-image-698\" style=\"width: 200px;\" src=\"https:\/\/anpuhpb.org\/site\/wp-content\/uploads\/2021\/05\/cartaz_anpuhpb_2008.gif\" alt=\"13\u00ba EEH Anpuh PB\"> <\/td><td> <strong>XIII Encontro Estadual &#8211; 2008<\/strong><br>\u2022 <a rel=\"noreferrer noopener\" href=\"http:\/\/www.anpuhpb.org\/anais_xiii_eeph\/programacao_xiii_eeh.pdf\" target=\"_blank\">Programa\u00e7\u00e3o<\/a><br>\u2022 <a rel=\"noreferrer noopener\" href=\"http:\/\/anpuhpb.org\/xiii_eeph\/13listast.htm\" target=\"_blank\">Simp\u00f3sios Tem\u00e1ticos<\/a><br>\u2022 <a rel=\"noreferrer noopener\" href=\"http:\/\/anpuhpb.org\/xiii_eeph\/13listamr.htm\" target=\"_blank\">Mesas Redondas<\/a><br>\u2022 <a rel=\"noreferrer noopener\" href=\"http:\/\/anpuhpb.org\/xiii_eeph\/13listamc.htm\" target=\"_blank\">Minicursos<\/a><br>\u2022 <a rel=\"noreferrer noopener\" href=\"http:\/\/www.anpuhpb.org\/anais_xiii_eeph\/\" target=\"_blank\">ANAIS<\/a><\/td><\/tr><tr><td> <img loading=\"lazy\" decoding=\"async\" width=\"200\" height=\"143\" class=\"wp-image-697\" style=\"width: 200px;\" src=\"https:\/\/anpuhpb.org\/site\/wp-content\/uploads\/2021\/05\/cartaz7.jpg\" alt=\"12\u00ba Encontro Estadual dos Professores de Hist\u00f3ria\"> <\/td><td> <strong>XII Encontro Estadual &#8211; 2006<\/strong><br>\u2022 <a rel=\"noreferrer noopener\" href=\"http:\/\/anpuhpb.org\/xii_eeph\/ee12prog.htm\" target=\"_blank\">Programa\u00e7\u00e3o<\/a><br>\u2022 <a rel=\"noreferrer noopener\" href=\"http:\/\/anpuhpb.org\/xii_eeph\/ee12grade.htm\" target=\"_blank\">Trabalhos Aprovados<\/a> <\/td><\/tr><tr><td> <img loading=\"lazy\" decoding=\"async\" width=\"200\" height=\"130\" class=\"wp-image-729\" style=\"width: 200px;\" src=\"https:\/\/anpuhpb.org\/site\/wp-content\/uploads\/2021\/06\/cartaz6.jpg\" alt=\"XI EEH\"> <\/td><td> <strong>XI Encontro Estadual de Hist\u00f3ria &#8211; 2004<\/strong><br>\u2022 <a rel=\"noreferrer noopener\" href=\"http:\/\/anpuhpb.org\/xi_eeph\/ee11apr.htm\" target=\"_blank\">Apresenta\u00e7\u00e3o<\/a><br>\u2022 <a rel=\"noreferrer noopener\" href=\"http:\/\/anpuhpb.org\/xi_eeph\/ee11prog.htm\" target=\"_blank\">Programa\u00e7\u00e3o<\/a> <\/td><\/tr><tr><td> <img loading=\"lazy\" decoding=\"async\" width=\"200\" height=\"141\" class=\"wp-image-730\" style=\"width: 200px;\" src=\"https:\/\/anpuhpb.org\/site\/wp-content\/uploads\/2021\/06\/cartaz4.jpg\" alt=\"X EEH\"> <\/td><td> <strong>X Encontro Estadual de Hist\u00f3ria &#8211; 2002<\/strong><br>\u2022 <a rel=\"noreferrer noopener\" href=\"http:\/\/anpuhpb.org\/x_eeph\/xeeph1.htm\" target=\"_blank\">Programa\u00e7\u00e3o<\/a><br>\u2022 <a rel=\"noreferrer noopener\" href=\"http:\/\/www.anpuhpb.org\/x_eeph\/st.htm\" target=\"_blank\">Simp\u00f3sios Tem\u00e1ticos<\/a> <\/td><\/tr><\/tbody><\/table><\/figure>\n\n<\/div>\n\t\t<\/div>\n<\/div>","protected":false},"excerpt":{"rendered":"<p>XXI Encontro Estadual de Hist\u00f3ria &#8211; 2024\u2022 Site\u2022 Anais eletr\u00f4nicos XX Encontro Estadual de Hist\u00f3ria &#8211; 2022\u2022 Site\u2022 Caderno de Resumos\u2022 Anais Eletr\u00f4nicos XIX Encontro Estadual de Hist\u00f3ria &#8211; 2020\u2022 Site\u2022 ANAIS XVIII Encontro Estadual de Hist\u00f3ria &#8211; 2018\u2022 Caderno de Resumos e Programa\u00e7\u00e3o\u2022 ANAIS\u2022 LIVRO: CONFER\u00caNCIAS E MESAS<\/p>\n","protected":false},"author":2,"featured_media":0,"parent":0,"menu_order":0,"comment_status":"closed","ping_status":"closed","template":"","meta":{"neve_meta_sidebar":"full-width","neve_meta_container":"","neve_meta_enable_content_width":"on","neve_meta_content_width":100,"neve_meta_title_alignment":"","neve_meta_author_avatar":"","neve_post_elements_order":"","neve_meta_disable_header":"","neve_meta_disable_footer":"","neve_meta_disable_title":"","footnotes":""},"class_list":["post-571","page","type-page","status-publish","hentry"],"featured_image_src":null,"_links":{"self":[{"href":"https:\/\/anpuhpb.org\/site\/wp-json\/wp\/v2\/pages\/571","targetHints":{"allow":["GET"]}}],"collection":[{"href":"https:\/\/anpuhpb.org\/site\/wp-json\/wp\/v2\/pages"}],"about":[{"href":"https:\/\/anpuhpb.org\/site\/wp-json\/wp\/v2\/types\/page"}],"author":[{"embeddable":true,"href":"https:\/\/anpuhpb.org\/site\/wp-json\/wp\/v2\/users\/2"}],"replies":[{"embeddable":true,"href":"https:\/\/anpuhpb.org\/site\/wp-json\/wp\/v2\/comments?post=571"}],"version-history":[{"count":58,"href":"https:\/\/anpuhpb.org\/site\/wp-json\/wp\/v2\/pages\/571\/revisions"}],"predecessor-version":[{"id":1341,"href":"https:\/\/anpuhpb.org\/site\/wp-json\/wp\/v2\/pages\/571\/revisions\/1341"}],"wp:attachment":[{"href":"https:\/\/anpuhpb.org\/site\/wp-json\/wp\/v2\/media?parent=571"}],"curies":[{"name":"wp","href":"https:\/\/api.w.org\/{rel}","templated":true}]}}