{"id":832,"date":"2021-08-24T14:35:04","date_gmt":"2021-08-24T17:35:04","guid":{"rendered":"http:\/\/anpuhpb.org\/site\/?page_id=832"},"modified":"2021-08-24T14:47:11","modified_gmt":"2021-08-24T17:47:11","slug":"gt-ensino-de-historia-e-educacao-secao-paraiba","status":"publish","type":"page","link":"https:\/\/anpuhpb.org\/site\/gt-ensino-de-historia-e-educacao-secao-paraiba\/","title":{"rendered":"GT Ensino de Hist\u00f3ria e Educa\u00e7\u00e3o \u2013 Se\u00e7\u00e3o Para\u00edba"},"content":{"rendered":"\n<p>O Grupo de Trabalho (GT) Ensino de Hist\u00f3ria e Educa\u00e7\u00e3o \u00e9 constitu\u00eddo por associados\/as da ANPUH-PB, reunindo professores\/as da educa\u00e7\u00e3o b\u00e1sica e do ensino superior de v\u00e1rias institui\u00e7\u00f5es paraibanas, pesquisadores interessados pelo campo Ensino de Hist\u00f3ria, profissionais de hist\u00f3ria atuantes em diferentes espa\u00e7os de produ\u00e7\u00e3o e divulga\u00e7\u00e3o de conhecimento hist\u00f3rico. O objetivo principal do GT \u00e9 debater quest\u00f5es relacionadas ao ensino de hist\u00f3ria em seus diversos aspectos (pol\u00edticos, acad\u00eamicos, pedag\u00f3gicos etc.) de forma cont\u00ednua, acompanhar discuss\u00f5es acerca das pol\u00edticas p\u00fablicas educacionais relacionadas diretamente ao ensino de hist\u00f3ria e \u00e0 profiss\u00e3o de historiador, al\u00e9m de proporcionar interlocu\u00e7\u00f5es entre a entidade e os\/as associados\/as, seja por meio de simp\u00f3sios, assembleias, oficinas tem\u00e1ticas, reuni\u00f5es peri\u00f3dicas, cursos,&nbsp; encontros e eventos diversos, sempre interessados na defesa da educa\u00e7\u00e3o p\u00fablica de qualidade,&nbsp; do ensino de hist\u00f3ria e com a forma\u00e7\u00e3o de sujeitos cr\u00edticos e cidad\u00e3os\/\u00e3s comprometidos\/as com democracia.<\/p>\n\n\n\n<h3 class=\"wp-block-heading\">Integrantes:<\/h3>\n\n\n\n<p>Danilo Alves da Silva (SEECT-PB\/PPGH-UFRN Coordenador)<\/p>\n\n\n\n<p>Daniela Medeiros da Silva (SME-Patos\/PPGE-UFPB Vice-coordenadora)<\/p>\n\n\n\n<p>\u00c2ngelo Em\u00edlio da Silva Pessoa (UFPB)<\/p>\n\n\n\n<p>Cinthia Cecilia Lima (SEECT-PB)<\/p>\n\n\n\n<p>Dami\u00e3o Lima (UFPB)<\/p>\n\n\n\n<p>Daviana Granjeiros da Silva (SEECT-PB)<\/p>\n\n\n\n<p>Josineide da Silva Bezerra (UFPB)<\/p>\n\n\n\n<p>Keliene Christina da Silva (SEDEC-PMJP)<\/p>\n\n\n\n<p>Lucas N\u00f3brega (Professor da rede privada de ensino)<\/p>\n\n\n\n<p>Regina Maria Rodrigues Behar (UFPB)<\/p>\n\n\n\n<p>Solange Mousinho (SEECT-PB)<\/p>\n\n\n\n<p>St\u00eanio Farias d\u2019\u00c1vila Lins (IFPB)<\/p>\n\n\n\n<p>Vilma de Lurdes Barbosa (UFPB)<\/p>\n\n\n\n<hr class=\"wp-block-separator\"\/>\n","protected":false},"excerpt":{"rendered":"<p>O Grupo de Trabalho (GT) Ensino de Hist\u00f3ria e Educa\u00e7\u00e3o \u00e9 constitu\u00eddo por associados\/as da ANPUH-PB, reunindo professores\/as da educa\u00e7\u00e3o b\u00e1sica e do ensino superior de v\u00e1rias institui\u00e7\u00f5es paraibanas, pesquisadores interessados pelo campo Ensino de Hist\u00f3ria, profissionais de hist\u00f3ria atuantes em diferentes espa\u00e7os de produ\u00e7\u00e3o e divulga\u00e7\u00e3o de conhecimento hist\u00f3rico. O objetivo principal do GT&hellip;&nbsp;<a href=\"https:\/\/anpuhpb.org\/site\/gt-ensino-de-historia-e-educacao-secao-paraiba\/\" rel=\"bookmark\">Continue a ler &raquo;<span class=\"screen-reader-text\">GT Ensino de Hist\u00f3ria e Educa\u00e7\u00e3o \u2013 Se\u00e7\u00e3o Para\u00edba<\/span><\/a><\/p>\n","protected":false},"author":2,"featured_media":0,"parent":0,"menu_order":0,"comment_status":"closed","ping_status":"closed","template":"","meta":{"neve_meta_sidebar":"right","neve_meta_container":"default","neve_meta_enable_content_width":"on","neve_meta_content_width":72,"neve_meta_title_alignment":"","neve_meta_author_avatar":"","neve_post_elements_order":"","neve_meta_disable_header":"","neve_meta_disable_footer":"","neve_meta_disable_title":"","footnotes":""},"class_list":["post-832","page","type-page","status-publish","hentry"],"featured_image_src":null,"_links":{"self":[{"href":"https:\/\/anpuhpb.org\/site\/wp-json\/wp\/v2\/pages\/832","targetHints":{"allow":["GET"]}}],"collection":[{"href":"https:\/\/anpuhpb.org\/site\/wp-json\/wp\/v2\/pages"}],"about":[{"href":"https:\/\/anpuhpb.org\/site\/wp-json\/wp\/v2\/types\/page"}],"author":[{"embeddable":true,"href":"https:\/\/anpuhpb.org\/site\/wp-json\/wp\/v2\/users\/2"}],"replies":[{"embeddable":true,"href":"https:\/\/anpuhpb.org\/site\/wp-json\/wp\/v2\/comments?post=832"}],"version-history":[{"count":3,"href":"https:\/\/anpuhpb.org\/site\/wp-json\/wp\/v2\/pages\/832\/revisions"}],"predecessor-version":[{"id":837,"href":"https:\/\/anpuhpb.org\/site\/wp-json\/wp\/v2\/pages\/832\/revisions\/837"}],"wp:attachment":[{"href":"https:\/\/anpuhpb.org\/site\/wp-json\/wp\/v2\/media?parent=832"}],"curies":[{"name":"wp","href":"https:\/\/api.w.org\/{rel}","templated":true}]}}