{"id":879,"date":"2021-09-14T09:04:33","date_gmt":"2021-09-14T12:04:33","guid":{"rendered":"http:\/\/anpuhpb.org\/site\/?page_id=879"},"modified":"2021-09-16T14:34:39","modified_gmt":"2021-09-16T17:34:39","slug":"fotos-historicas","status":"publish","type":"page","link":"https:\/\/anpuhpb.org\/site\/fotos-historicas\/","title":{"rendered":"Fotos Hist\u00f3ricas"},"content":{"rendered":"\n<figure class=\"wp-block-gallery columns-3 is-cropped wp-block-gallery-1 is-layout-flex wp-block-gallery-is-layout-flex\"><ul class=\"blocks-gallery-grid\"><li class=\"blocks-gallery-item\"><figure><img loading=\"lazy\" decoding=\"async\" width=\"760\" height=\"505\" src=\"https:\/\/anpuhpb.org\/site\/wp-content\/uploads\/2021\/09\/4.jpg\" alt=\"Parahyba 1930 - Comando do 22\u00ba Batalh\u00e3o de Ca\u00e7adores em Jo\u00e3o Pessoa\" data-id=\"880\" data-link=\"https:\/\/anpuhpb.org\/site\/?attachment_id=880\" class=\"wp-image-880\" srcset=\"https:\/\/anpuhpb.org\/site\/wp-content\/uploads\/2021\/09\/4.jpg 760w, https:\/\/anpuhpb.org\/site\/wp-content\/uploads\/2021\/09\/4-300x199.jpg 300w\" sizes=\"auto, (max-width: 760px) 100vw, 760px\" \/><\/figure><\/li><li class=\"blocks-gallery-item\"><figure><img loading=\"lazy\" decoding=\"async\" width=\"816\" height=\"614\" src=\"https:\/\/anpuhpb.org\/site\/wp-content\/uploads\/2021\/09\/1.jpg\" alt=\"\" data-id=\"881\" data-link=\"https:\/\/anpuhpb.org\/site\/?attachment_id=881\" class=\"wp-image-881\" srcset=\"https:\/\/anpuhpb.org\/site\/wp-content\/uploads\/2021\/09\/1.jpg 816w, https:\/\/anpuhpb.org\/site\/wp-content\/uploads\/2021\/09\/1-300x226.jpg 300w, https:\/\/anpuhpb.org\/site\/wp-content\/uploads\/2021\/09\/1-768x578.jpg 768w\" sizes=\"auto, (max-width: 816px) 100vw, 816px\" \/><figcaption class=\"blocks-gallery-item__caption\"><a href=\"http:\/\/anpuhpb.org\/fotos\/rev30funjpca.jpg\"><span class=\"has-inline-color has-nv-text-dark-bg-color\">Parahyba 1930 &#8211; Paraibanos recebem o corpo do Presidente Jo\u00e3o Pessoa<\/span><\/a><\/figcaption><\/figure><\/li><li class=\"blocks-gallery-item\"><figure><img loading=\"lazy\" decoding=\"async\" width=\"632\" height=\"454\" src=\"https:\/\/anpuhpb.org\/site\/wp-content\/uploads\/2021\/09\/2.jpg\" alt=\"\" data-id=\"882\" data-full-url=\"https:\/\/anpuhpb.org\/site\/wp-content\/uploads\/2021\/09\/2.jpg\" data-link=\"https:\/\/anpuhpb.org\/site\/?attachment_id=882\" class=\"wp-image-882\" srcset=\"https:\/\/anpuhpb.org\/site\/wp-content\/uploads\/2021\/09\/2.jpg 632w, https:\/\/anpuhpb.org\/site\/wp-content\/uploads\/2021\/09\/2-300x216.jpg 300w\" sizes=\"auto, (max-width: 632px) 100vw, 632px\" \/><figcaption class=\"blocks-gallery-item__caption\"><a href=\"http:\/\/anpuhpb.org\/fotos\/rev30mingv.jpg\"><span class=\"has-inline-color has-nv-text-dark-bg-color\">Rio de Janeiro 1932 &#8211; Jos\u00e9 Am\u00e9rico integra o minist\u00e9rio do governo Vargas<\/span><\/a><\/figcaption><\/figure><\/li><\/ul><\/figure>\n","protected":false},"excerpt":{"rendered":"","protected":false},"author":2,"featured_media":0,"parent":0,"menu_order":0,"comment_status":"closed","ping_status":"closed","template":"","meta":{"neve_meta_sidebar":"full-width","neve_meta_container":"","neve_meta_enable_content_width":"on","neve_meta_content_width":100,"neve_meta_title_alignment":"","neve_meta_author_avatar":"","neve_post_elements_order":"","neve_meta_disable_header":"","neve_meta_disable_footer":"","neve_meta_disable_title":"","footnotes":""},"class_list":["post-879","page","type-page","status-publish","hentry"],"featured_image_src":null,"_links":{"self":[{"href":"https:\/\/anpuhpb.org\/site\/wp-json\/wp\/v2\/pages\/879","targetHints":{"allow":["GET"]}}],"collection":[{"href":"https:\/\/anpuhpb.org\/site\/wp-json\/wp\/v2\/pages"}],"about":[{"href":"https:\/\/anpuhpb.org\/site\/wp-json\/wp\/v2\/types\/page"}],"author":[{"embeddable":true,"href":"https:\/\/anpuhpb.org\/site\/wp-json\/wp\/v2\/users\/2"}],"replies":[{"embeddable":true,"href":"https:\/\/anpuhpb.org\/site\/wp-json\/wp\/v2\/comments?post=879"}],"version-history":[{"count":8,"href":"https:\/\/anpuhpb.org\/site\/wp-json\/wp\/v2\/pages\/879\/revisions"}],"predecessor-version":[{"id":999,"href":"https:\/\/anpuhpb.org\/site\/wp-json\/wp\/v2\/pages\/879\/revisions\/999"}],"wp:attachment":[{"href":"https:\/\/anpuhpb.org\/site\/wp-json\/wp\/v2\/media?parent=879"}],"curies":[{"name":"wp","href":"https:\/\/api.w.org\/{rel}","templated":true}]}}